highest common factor of v and 15.
5
Suppose 34*i + 542 = 39*i - 2*o, -2*i + 232 = 3*o. What is the greatest common factor of i and 374?
22
Suppose 7*b - 1287 = 2*b + 2*v, -v + 4 = 0. Suppose -7*n + 5*n - 13*h = 12, 41 = 5*n - 3*h. Calculate the highest common factor of b and n.
7
Let u(g) = -20*g + 7675. Let x be u(14). What is the highest common factor of x and 348?
87
Let d = 9 + -4. Let x(h) = -4*h**3 - 21*h**2 + 6*h - 68. Let w be x(-6). Calculate the highest common divisor of w and d.
1
Let g(n) = 10*n + 299. Let t be g(-18). What is the highest common factor of 28 and t?
7
Suppose t + 90 = -85. Let r = 618 - t. Calculate the greatest common divisor of 13 and r.
13
Let o = -5351 - -5864. What is the highest common divisor of 703 and o?
19
Suppose -2*v = -6*v + 16. Suppose -4*o - 7 = -2*y - 5*o, 9 = v*y + 3*o. Let k be 4/(y/12 - (-9)/(-20)). What is the greatest common divisor of 32 and k?
16
Suppose 4*c + v - 3*v = -12, 3*c - v = -9. Let u(d) be the first derivative of -5*d**2/2 - 1. Let b be u(c). What is the greatest common factor of 5 and b?
5
Let i = -24 + 40. Suppose 0 = i*p - 15*p - 1. What is the greatest common factor of 13 and p?
1
Suppose 327700 = 17*a + 20*a + 63*a. Calculate the greatest common divisor of 678 and a.
113
Suppose 0 = g + 5*x - 432 - 39, -2*g + 962 = 5*x. Let o = g + -484. What is the greatest common divisor of 91 and o?
7
Suppose 0 = 4*p + 16, s + 3 = -p + 2. Let b(v) = -42*v**3 - 38*v**s + 3*v**3 + 1 - 3*v**2 - v. Let l be b(-1). What is the greatest common factor of l and 38?
38
Suppose h - 765 = 5*w + 2005, 3*h - 5*w = 8390. What is the highest common divisor of 110 and h?
10
Let s(y) = y**2 - 22*y - 121. Let o be s(38). Suppose 84 = 493*t - o*t. Calculate the highest common factor of 63 and t.
7
Let n be 9/15*(40 + -5). Let h be 5*(1 + n/5). Suppose t = 280 - 20. Calculate the highest common divisor of h and t.
26
Suppose 9*r + 3*r - 1248 = 0. Let k be (r/(-6))/(6/9*-1). Let v be (-4)/6 + (-160)/(-6). Calculate the highest common divisor of v and k.
26
Let f = 200 + -190. Let o be 25*(2/f - (2 - 6)). Calculate the greatest common factor of 45 and o.
15
Let v(k) = -k**2 - k. Let n(s) = -s**3 + 4*s**2 + 15*s - 48. Let a(w) = -n(w) + 2*v(w). Let o be a(8). What is the highest common divisor of 16 and o?
8
Suppose -66 = 89*m - 100*m. Let k(v) = -v**3 + 21*v**2 - 11*v - 9. Let i be k(m). What is the highest common divisor of i and 15?
15
Let y be (-432)/(-17 + 1) - -5. Calculate the highest common divisor of 1352 and y.
8
Suppose 187*z = 114*z + 1241. What is the greatest common factor of z and 123?
1
Suppose 0 = -5*x + 17 + 8. Suppose s = y + x, 0 + 5 = -y + 2*s. Let j be 15/(-6)*18/y. What is the highest common divisor of j and 27?
9
Suppose -a - 3*r = -0*a - 329, 3*r + 311 = a. Suppose 10836 = 171*j - 11052. Calculate the greatest common factor of j and a.
64
Let m(f) = 2*f**3 - 50*f**2 + 81*f + 398. Let q be m(23). Let n(g) = 3*g**2 - 4*g - 3. Let o be n(4). Calculate the highest common factor of o and q.
29
Let j(h) = -121*h + 2226. Let m be j(3). What is the highest common divisor of 135 and m?
27
Suppose -8*r + 7*r = -275. Let q(n) = 16*n + 14. Let u be q(6). What is the highest common divisor of r and u?
55
Suppose -63*w - 484 = -74*w. Calculate the greatest common factor of w and 913.
11
Suppose -12*v + 3*v = 0. Suppose v = 10*q - 3592 - 958. Calculate the highest common divisor of q and 65.
65
Let h = 2363 + -894. What is the highest common factor of h and 39?
13
Let k(o) = o**2 - 378*o + 26152. Let w be k(91). Let a be 1/2 + 249/6. Calculate the highest common divisor of a and w.
7
Suppose -13*j = -19*j + 12. Suppose -42 = j*s - 394. Calculate the greatest common divisor of 44 and s.
44
Suppose 0 = -3*n - 9, -5*q - 2*n - 91 = -6*q. What is the greatest common divisor of 51 and q?
17
Let j be 5 + 9176/72 - (-8)/(-18). Suppose 1365*w - 1368*w + j = 0. Calculate the greatest common divisor of 1012 and w.
44
Suppose 3*n - x = 243, 188*n - 2*x = 184*n + 326. Calculate the greatest common factor of n and 490.
10
Let v(m) = m**3 + m - 15. Let t be v(4). Suppose 0 = 69*i - t*i - 3872. Calculate the highest common divisor of 44 and i.
22
Suppose s - 24 = -s. Let z be -4 - s/(-4) - -271. Calculate the greatest common factor of 10 and z.
10
Suppose 39 = -3*f - 540. Let l = 235 + f. Let n(r) = r**3 - r**2 + 2*r - 3. Let y be n(3). What is the highest common factor of l and y?
21
Let p be (7425 + 1 + -2)/((-5 - 12) + 18). Calculate the greatest common factor of 29 and p.
29
Let u = 15 + -15. Suppose -5*p = -f - u*p + 33, 4*f - 5*p - 147 = 0. Suppose 2 = -n + f. What is the highest common divisor of n and 24?
12
Let b be (-39)/(20/(-35) + (-1)/(-14)) + 1. Calculate the highest common factor of b and 4029.
79
Let h = -16474 + 17800. What is the highest common factor of 204 and h?
102
Let i(y) = 28*y**2 + 15*y + 2. Let r be i(-1). What is the highest common divisor of r and 39?
3
Let l = 10208 - 9136. What is the greatest common divisor of l and 32?
16
Let j = -4147 - -4207. What is the highest common factor of j and 105?
15
Let v be 9 + (-72*3)/(-12). Calculate the greatest common factor of v and 2943.
27
Let u be 20/10 - (2 - (-5 + 15)). Calculate the highest common divisor of 2570 and u.
10
Let c(x) = -76*x + 19. Let j(r) = -r**2 + 29*r - 81. Let q be j(26). Let u be c(q). What is the highest common divisor of u and 13?
13
Let v = -708 - -739. Suppose 0 = -7*p + v - 17. What is the greatest common factor of p and 1?
1
Let z be (-24)/(-9)*(42/(-4))/(76/(-190)). Calculate the highest common divisor of 490 and z.
70
Let n be 6/(1/(-6)*-9). Suppose 0 = -7*k + n*k - 186. Let m = 75 + k. What is the highest common divisor of 65 and m?
13
Let t(g) = -11*g + 306. Let n be t(30). Let l be (26 + n)/(3*(-4)/(-114)). Calculate the highest common factor of 779 and l.
19
Let r(p) = -p**3 + 19*p**2 + 96*p + 72. Let s be r(17). Calculate the greatest common factor of 815 and s.
163
Let u(p) = p**3 - 23*p**2 + 28*p - 3. Let k = -26 - -47. Let z be u(k). Let w be (30/(-9) - -2)/(9/z). What is the highest common divisor of 11 and w?
11
Suppose 161*m + 1316 = 21280. What is the greatest common divisor of m and 6572?
124
Let v = 15366 - 15348. Calculate the highest common factor of 18162 and v.
18
Let x be 4/(13/(572/11)). Calculate the highest common factor of x and 20912.
16
Suppose 18*r = 20*r - 40. Suppose 62*n = 63*n - r. Suppose 0 = -9*g + 277 + 713. Calculate the greatest common factor of n and g.
10
Let o(f) = -3068*f - 408. Let r be o(-1). Calculate the greatest common divisor of 700 and r.
140
Let o(i) = -7*i**2 + 109*i + 17. Let x be o(7). Let q(y) = 3*y**2 + 9*y + 16. Let a be q(-5). What is the greatest common factor of x and a?
23
Let p(k) = -k**3 - 65*k**2 + 273*k + 261. Let y be p(-69). Suppose 0 = 5*b - 4*q - 94, 2*b + 3*q - 32 = -q. What is the highest common factor of b and y?
18
Suppose 4*z + 18 = 3*r, 4*r - 9 = -3*z + 15. Suppose -4*v - 98 = -r*v + 2*p, 3*p = -4*v + 182. What is the highest common factor of 893 and v?
47
Suppose 0 = 1744*z - 1778*z + 2024802. What is the highest common factor of 117 and z?
117
Let v = -182 + 113. Let d = v + 51. Let p be (6/d)/(1/(-6)) + 26. What is the greatest common divisor of 252 and p?
28
Suppose 0 = 3*r + 4*g - 120, 0 = -4*g - g - 15. Suppose -6*c - 88 = -2*c. Let w = r + c. What is the greatest common divisor of w and 2?
2
Suppose 0 = 6*g - 15*g - 1575. Let p = 197 + g. Calculate the highest common factor of 110 and p.
22
Let b(c) = 100*c + 16 + 94*c - 199*c - 13*c**2. Let i be b(5). Let h = 521 + i. Calculate the highest common divisor of h and 17.
17
Let b be (35 - -13)*11/(44/40). Calculate the greatest common divisor of 1152 and b.
96
Let x(h) = -3*h - 56. Let t be x(-18). Let b(f) = 147*f**2 - f - 8. Let c be b(t). Let w = c - 412. Calculate the greatest common factor of 68 and w.
34
Suppose 4*h - q = 29, 4*h - 19 = 2*h + 5*q. Let l be (-2)/(-14)*(5 - (5 - h)). Let c be 69 - 1*(-4 + l). Calculate the highest common divisor of c and 24.
24
Let q(r) = 173*r**2 + 20*r + 19. Let s be q(-1). Suppose -66*g - s = -70*g. Calculate the highest common divisor of g and 344.
43
Let r(t) = -19*t - 6. Let u be r(-8). Suppose -d = 3*g - 0*d - u, -4*g = 5*d - 191. Let j = g - 25.